remainder when 586513 is divided by 2464.
81
What is the remainder when 2492602 is divided by 28?
14
What is the remainder when 17470887 is divided by 16?
7
Calculate the remainder when 49023 is divided by 24321.
381
Calculate the remainder when 7179389 is divided by 9689.
9529
Calculate the remainder when 33173 is divided by 4464.
1925
What is the remainder when 8903 is divided by 5107?
3796
What is the remainder when 545007 is divided by 1465?
27
What is the remainder when 75745565 is divided by 75745518?
47
Calculate the remainder when 1751571 is divided by 35.
31
What is the remainder when 9508936 is divided by 1025?
11
Calculate the remainder when 437909 is divided by 2104.
277
Calculate the remainder when 302381 is divided by 360.
341
What is the remainder when 9157719 is divided by 20860?
179
What is the remainder when 22049249 is divided by 203?
201
Calculate the remainder when 51996 is divided by 368.
108
Calculate the remainder when 686464 is divided by 10244.
116
Calculate the remainder when 1103672 is divided by 11256.
584
Calculate the remainder when 66328 is divided by 5152.
4504
Calculate the remainder when 20600655 is divided by 11.
9
What is the remainder when 100307 is divided by 33282?
461
What is the remainder when 163980 is divided by 4938?
1026
Calculate the remainder when 30620840 is divided by 47.
11
Calculate the remainder when 57390 is divided by 10951.
2635
What is the remainder when 505602 is divided by 14?
6
What is the remainder when 13019049 is divided by 143066?
43
Calculate the remainder when 369928 is divided by 1093.
494
What is the remainder when 7255260 is divided by 2418406?
42
What is the remainder when 2536054 is divided by 2536008?
46
What is the remainder when 26662 is divided by 15?
7
Calculate the remainder when 509003 is divided by 50900.
3
What is the remainder when 1058523 is divided by 35284?
3
What is the remainder when 332216 is divided by 2292?
2168
Calculate the remainder when 316235 is divided by 49.
38
What is the remainder when 607781 is divided by 7583?
1141
What is the remainder when 40352152 is divided by 52?
48
What is the remainder when 342184 is divided by 2151?
175
Calculate the remainder when 28252701 is divided by 4832.
4829
Calculate the remainder when 59919 is divided by 9902.
507
What is the remainder when 1464315192 is divided by 16639?
16636
What is the remainder when 29505608 is divided by 19723?
0
What is the remainder when 33032 is divided by 410?
232
Calculate the remainder when 25388354 is divided by 4.
2
What is the remainder when 7878693 is divided by 3939332?
29
What is the remainder when 84254 is divided by 11977?
415
Calculate the remainder when 74584 is divided by 10650.
34
Calculate the remainder when 12244896 is divided by 151.
4
What is the remainder when 203632 is divided by 90?
52
What is the remainder when 6283160 is divided by 1306?
1300
What is the remainder when 114892477 is divided by 320?
317
What is the remainder when 212887 is divided by 299?
298
What is the remainder when 2191910 is divided by 174?
32
What is the remainder when 2178493 is divided by 1089239?
15
What is the remainder when 621575581 is divided by 197?
196
Calculate the remainder when 31482198 is divided by 4903.
35
What is the remainder when 100221 is divided by 32324?
3249
Calculate the remainder when 12652812 is divided by 77.
18
What is the remainder when 101819 is divided by 33791?
446
Calculate the remainder when 18834824 is divided by 4708704.
8
What is the remainder when 2323419 is divided by 1662?
1605
Calculate the remainder when 9837669 is divided by 1399.
1300
What is the remainder when 43556111 is divided by 207?
206
What is the remainder when 16895095 is divided by 158?
155
What is the remainder when 294390 is divided by 182?
96
Calculate the remainder when 131712 is divided by 155.
117
Calculate the remainder when 7253202 is divided by 16674.
12
Calculate the remainder when 259166569 is divided by 13654.
13649
Calculate the remainder when 386289 is divided by 193111.
67
Calculate the remainder when 431657 is divided by 28.
9
Calculate the remainder when 21935081 is divided by 992.
969
What is the remainder when 3371483 is divided by 16?
11
What is the remainder when 11107838 is divided by 793417?
0
Calculate the remainder when 7777015 is divided by 53.
7
What is the remainder when 124213108 is divided by 483?
481
Calculate the remainder when 1238673 is divided by 137611.
174
Calculate the remainder when 1692274 is divided by 241.
213
Calculate the remainder when 541330126 is divided by 142.
140
What is the remainder when 8439963 is divided by 202?
201
What is the remainder when 252459 is divided by 84?
39
What is the remainder when 2670830 is divided by 3351?
83
Calculate the remainder when 2728143 is divided by 227339.
75
What is the remainder when 446517 is divided by 111435?
777
Calculate the remainder when 1510088 is divided by 1560.
8
Calculate the remainder when 809598 is divided by 396.
174
Calculate the remainder when 1078453 is divided by 1078359.
94
What is the remainder when 374366 is divided by 1183?
538
Calculate the remainder when 227454 is divided by 74556.
3786
Calculate the remainder when 1409048 is divided by 117362.
704
What is the remainder when 59209 is divided by 933?
430
What is the remainder when 9744436 is divided by 6415?
51
What is the remainder when 8248791 is divided by 740?
11
Calculate the remainder when 367700309 is divided by 3910.
3909
Calculate the remainder when 144438912 is divided by 4753.
4748
What is the remainder when 388866 is divided by 2090?
126
What is the remainder when 5327239 is divided by 669?
661
What is the remainder when 13534305 is divided by 27342?
15
What is the remainder when 4053502 is divided by 225189?
100
Calculate the remainder when 1066739 is divided by 106668.
59
What is the remainder when 1511033 is divided by 3759?
3674
What is the remainder when 102416 is divided by 48385?
5646
Calculate the remainder when 1796397 is divided by 1039.
1005
Calculate the remainder when 2203867 is divided by 209.
171
What is the remainder when 9399799 is divided by 1093?
1092
What is the remainder when 86144 is divided by 922?
398
Calculate the remainder when 412042 is divided by 779.
730
Calculate the remainder when 2259547 is divided by 648.
619
Calculate the remainder when 18616695 is divided by 114.
39
What is the remainder when 2055105 is divided by 11?
8
Calculate the remainder when 276590 is divided by 764.
22
Calculate the remainder when 3532188 is divided by 236.
212
What is the remainder when 31747 is divided by 1139?
994
What is the remainder when 9763786 is divided by 46?
10
Calculate the remainder when 61225408 is divided by 1989.
10
What is the remainder when 239730 is divided by 1615?
710
What is the remainder when 68283452 is divided by 28193?
6
Calculate the remainder when 441582 is divided by 23146.
1808
What is the remainder when 2202671 is divided by 2202628?
43
What is the remainder when 21003 is divided by 20990?
13
Calculate the remainder when 16223 is divided by 2283.
242
What is the remainder when 7138861 is divided by 1427768?
21
Calculate the remainder when 134254219 is divided by 464.
459
What is the remainder when 154724 is divided by 25?
24
Calculate the remainder when 37192491 is divided by 115.
111
What is the remainder when 305346 is divided by 20?
6
What is the remainder when 5141039 is divided by 68547?
14
Calculate the remainder when 911490618 is divided by 24.
18
What is the remainder when 4661 is divided by 536?
373
What is the remainder when 5078978 is divided by 1961?
1949
What is the remainder when 234600 is divided by 561?
102
What is the remainder when 13681 is divided by 780?
421
What is the remainder when 734039 is divided by 97?
40
Calculate the remainder when 94374 is divided by 78.
72
What is the remainder when 429491 is divided by 463?
290
What is the remainder when 2934324 is divided by 3416?
3396
What is the remainder when 4533583 is divided by 3082?
3043
What is the remainder when 578171 is divided by 96350?
71
Calculate the remainder when 584918 is divided by 1998.
1502
Calculate the remainder when 306123108 is divided by 27.
24
What is the remainder when 602306 is divid